at is b(28)?
-72
Let m(t) = -t**3 + 53*t**2 - 2748*t + 151215. Give m(54).
-93
Let y(w) = -155201*w - 1241617. Give y(-8).
-9
Let p(y) = -137*y + 18817. Determine p(153).
-2144
Let v(b) = -b**2 - 196*b - 3267. What is v(-16)?
-387
Let w(u) = 14*u**3 - 15*u**2 + 48*u - 41. Determine w(1).
6
Let l(y) = 359885*y + 3598829. Give l(-10).
-21
Let l(r) = -464*r - 5401. What is l(-14)?
1095
Let q(p) = -633436*p + 20269958. Give q(32).
6
Let q(a) = 7892*a + 205223. What is q(-26)?
31
Let b(l) = l**2 + 98*l - 3958. Give b(32).
202
Let o(q) = -142*q**3 + 2*q**2 + 158*q - 313. Determine o(2).
-1125
Let b(x) = 2*x**2 + 1551*x - 20473. Calculate b(13).
28
Let t(d) = -58*d**2 - 2048*d + 1422. What is t(-36)?
-18
Let b(n) = -3*n**2 + 450*n - 10798. Give b(120).
2
Let u(o) = -7*o**2 - 5*o + 150. Determine u(8).
-338
Let z(l) = -2*l**3 - 103*l**2 + 553*l - 61. What is z(5)?
-121
Let n(w) = -73879*w - 3398384. Give n(-46).
50
Let v(d) = 315*d + 3844. Determine v(-16).
-1196
Let r(x) = -5850*x - 719554. Calculate r(-123).
-4
Let a(m) = 6789*m**2 + 40734*m + 8. Give a(-6).
8
Let c(x) = -x**2 - 692*x + 616462. Determine c(512).
14
Let j(o) = -69664*o - 56567167. Determine j(-812).
1
Let k(j) = 8*j**2 + 3584*j + 10718. What is k(-3)?
38
Let x(f) = -5106*f - 10291. Calculate x(-2).
-79
Let q(m) = 8128*m - 40331. Calculate q(5).
309
Let a(l) = -104482*l - 1253780. Determine a(-12).
4
Let g(h) = -4117*h - 16113. Determine g(-4).
355
Let r(i) = -2259*i - 1082061. What is r(-479)?
0
Let o(j) = -67*j**3 - 2143*j**2 + 39*j + 218. What is o(-32)?
-6
Let h(m) = -m**3 - 445*m**2 - 926*m - 17662. Give h(-443).
58
Let o(a) = 317799*a - 7944964. What is o(25)?
11
Let n(i) = -37*i**2 + 806*i + 170. What is n(22)?
-6
Let f(m) = 5*m**2 - 17515*m + 87565. Calculate f(5).
115
Let v(d) = -2*d**2 + 15*d + 230. Give v(16).
-42
Let u(k) = -k**2 - 799*k + 90891. Give u(101).
-9
Let q(f) = 3947*f + 129987. Give q(-33).
-264
Let w(s) = -7*s**2 + 2766*s - 62379. Determine w(24).
-27
Let g(w) = -31*w**3 + 7223*w**2 - 12*w + 2160. Give g(233).
-636
Let l(o) = 23*o**2 + 23499*o - 47015. Calculate l(2).
75
Let k(p) = 3*p**3 - 7*p**2 + 54*p - 290. Determine k(5).
180
Let y(x) = 3697*x - 15211. Give y(4).
-423
Let k(y) = 1654*y - 554055. Calculate k(335).
35
Let n(q) = -1156*q**2 + 38*q - 41. Determine n(1).
-1159
Let c(l) = -l**3 + 86*l**2 - 985*l + 12054. Calculate c(75).
54
Let a(y) = -16*y**3 + 60*y**2 + 398*y - 1534. Give a(4).
-6
Let p(j) = j**2 + 66*j - 5036. Determine p(-107).
-649
Let k(s) = -4*s**3 + 39*s**2 + 428*s - 1. Determine k(16).
447
Let w(b) = -2*b**3 + 42*b**2 - 167*b + 2542. Determine w(20).
2
Let g(u) = 345*u - 1497. Determine g(5).
228
Let c(i) = -5*i**2 - 34*i - 60. Give c(11).
-1039
Let q(i) = -68637*i - 137269. Determine q(-2).
5
Let v(u) = 982*u**2 + 8450*u + 4753. Give v(-8).
1
Let y(s) = 7467*s + 208393. Give y(-28).
-683
Let k(s) = -s**3 - 66*s**2 - 1683*s - 7946. Calculate k(-6).
-8
Let g(q) = -629*q + 26869. Give g(41).
1080
Let s(i) = 2*i**3 - 12*i**2 + 57. Give s(-5).
-493
Let m(j) = -j**2 + 131*j - 1462. Determine m(74).
2756
Let b(j) = -j**2 + 1837*j - 800114. Give b(710).
56
Let n(p) = -1765*p**2 - 8741*p + 364. Give n(-5).
-56
Let a(d) = 32208*d + 22932090. Give a(-712).
-6
Let t(g) = 2*g**2 - 19110*g + 13880599. Calculate t(792).
7
Let c(v) = 22*v**2 + 2538*v - 12216. What is c(-120)?
24
Let m(b) = b**2 - 192*b + 5022. What is m(35)?
-473
Let z(j) = 4498*j + 9442. Give z(-2).
446
Let d(m) = m**3 + 143*m**2 + 4590*m + 3008. Give d(-95).
158
Let x(p) = -4664*p - 17930. Calculate x(-4).
726
Let o(h) = -14202*h - 411914. Determine o(-29).
-56
Let d(i) = -11*i**2 + 408*i + 3162. Determine d(-8).
-806
Let p(h) = -2*h**3 + 70*h**2 - 69*h - 65. What is p(34)?
-99
Let d(n) = 752*n - 169919. What is d(226)?
33
Let x(j) = j + 1372. Give x(79).
1451
Let t(j) = 1200*j - 4472. Give t(3).
-872
Let z(w) = -11054*w + 707390. What is z(64)?
-66
Let x(a) = 1343*a + 80563. Give x(-60).
-17
Let a(m) = -6597*m - 343045. Determine a(-52).
-1
Let q(j) = 2*j**3 - 558*j**2 + 12244*j - 1031. Give q(255).
-11
Let l(h) = -198*h + 336. Calculate l(-12).
2712
Let s(x) = -55011*x - 6. What is s(0)?
-6
Let k(i) = -6*i**3 + 1349*i**2 + 435*i - 47244. Determine k(225).
6
Let i(h) = -2*h**2 + 1127*h - 140623. Calculate i(377).
-2
Let n(m) = m**2 - 720*m + 103716. What is n(199)?
37
Let b(f) = 3*f**3 + 14*f**2 + 133*f + 329. Give b(-3).
-25
Let a(q) = q**2 - 1041*q + 192800. Calculate a(241).
0
Let q(g) = 2*g**2 + 232*g + 7167. Give q(-62).
471
Let b(u) = -53485*u - 2888169. Calculate b(-54).
21
Let u(m) = -4*m**3 - 519*m**2 + 2180*m + 331140. Determine u(-129).
-3
Let r(t) = 2*t**3 - 30*t**2 + 2564*t - 38464. Determine r(15).
-4
Let a(c) = c**3 + 103*c**2 - 1117*c - 133214. What is a(-101)?
5
Let a(d) = 3*d**2 - 1379*d - 64838. Calculate a(-43).
6
Let j(p) = 668*p + 12900. Calculate j(-19).
208
Let q(x) = -18687*x + 1551085. What is q(83)?
64
Let c(r) = -r**3 - 288*r**2 + 554*r - 7533. Determine c(-290).
7
Let f(s) = -121*s + 747. Determine f(6).
21
Let a(h) = h**2 + 5884*h - 147657. Give a(25).
68
Let x(m) = -m**3 + 332*m**2 + 13243*m - 197. Give x(-36).
-17
Let v(b) = 2*b**2 - 38894*b + 311013. Determine v(8).
-11
Let h(y) = y**2 - 2544*y + 1333891. What is h(739)?
-4
Let u(j) = j**3 - 13*j**2 + 8672*j - 95180. What is u(11)?
-30
Let o(s) = -232*s + 4927. What is o(21)?
55
Let q(u) = 2*u**2 - 175*u - 661. What is q(-6)?
461
Let d(j) = -11251*j - 1496377. What is d(-133)?
6
Let k(n) = -2980*n + 256286. Determine k(86).
6
Let r(d) = d**2 - 91*d + 1993. Determine r(48).
-71
Let g(r) = r**3 - 4*r**2 - 215*r + 17. Give g(16).
-351
Let v(d) = -90*d**2 + 3900*d - 1301. Determine v(43).
-11
Let l(v) = 196*v + 5555. Give l(-30).
-325
Let m(f) = -5170*f + 465538. Calculate m(90).
238
Let d(p) = -2*p**3 + 83*p**2 - 422*p - 2. Give d(6).
22
Let w(s) = 4*s**2 - 638*s + 13772. Determine w(23).
1214
Let p(t) = 12*t**3 + 550*t**2 - 5915*t - 10. Determine p(9).
53
Let c(k) = -31*k**2 + 22485*k - 44850. Calculate c(2).
-4
Let y(z) = 4*z**3 + 39*z**2 + 35*z + 188. Determine y(-10).
-262
Let r(y) = -71412*y - 856946. Determine r(-12).
-2
Let u(r) = 42506*r - 4038132. What is u(95)?
-62
Let x(v) = -v**3 + 15*v**2 + 75*v - 1247. Calculate x(10).
3
Let b(f) = 11*f**3 - 62*f**2 + 6799*f - 33832. Calculate b(5).
-12
Let s(c) = c**3 + 141*c**2 - 257*c + 4304. Calculate s(-143).
157
Let y(a) = 609*a - 56512. Determine y(93).
125
Let z(u) = u**3 - 6*u**2 + 391*u - 2263. Calculate z(6).
83
Let i(w) = -4*w**3 + 2*w**2 - 1876*w - 7. Calculate i(0).
-7
Let a(x) = 74*x + 121. What is a(0)?
121
Let d(z) = z**2 + 468*z - 348458. What is d(-869)?
11
Let h(w) = 40156*w + 80301. What is h(-2)?
-11
Let c(r) = -38*r**2 - 1128*r - 747. What is c(-29)?
7
Let l(s) = 6*s**2 + 96*s - 847. What is l(7)?
119
Let m(f) = 15*f**2 + 2431*f + 22946. Determine m(-152).
-6
Let i(r) = 35*r - 172. Determine i(25).
703
Let q(o) = 5*o**3 + 9*o**2 + 3*o - 210. What is q(8)?
2950
Let h(b) = -4*b**2 - 1415*b + 425021. Determine h(194).
-33
Let q(c) = -22952*c + 183616. Calculate q(8).
0
Let w(r) = r**3 - 424*r**2 + 2932*r - 5412. Give w(417).
9
Let s(l) = l**3 + 129*l**2 - 9646*l - 8. Calculate s(-182).
-8
Let q(m) = -341*m + 62015. Determine q(182).
-47
Let v(q) = -q**3 + 131*q**2 - 4271*q + 6966. Determine v(76).
50
Let r(f) = -563*f**3 + 236*f**2 - 470*f. Determine r(2).
-4500
Let n(t) = -220*t**2 - 10331*t + 67. Give n(-47).
-356
Let f(h) = -11*h**2 + 180*h + 1861. Give f(-11).
-1450
Let n(o) = 393*o**2 - 35827*o + 5816. What is n(91)?
-8
Let o(v) = -591*v + 12022. Determine o(21).
-389
Let u(s) = -8*s**3 - 945*s**2 + 831*s - 174. Give u(-119).
64
Let p(j) = -188*j**3 - 27*j**2 + 14*j + 13. What is p(1)?
-188
Let n(w) = 2*w**3 - 6*w**2 + 54485*w - 327125. Determine n(6).
1
Let g(r) = 2019782*r - 48474763. Calculate g(24).
5
Let l(c) = 2*c**2 - 66734*c - 667528. What is l(-10)?
12
Let s(u) = 9*u**2 + 798*u + 4933. Calculate s(-82).
13
Let t(a) = 5*a**2 + 540*a - 9855. Determine t(-124).
65
Let b(v) = 340*v**2 + 2469*v + 2466. Give b(-1).
337
Let h(z) = z**3 + 6*z**2 + 23*z + 205. What is h(-6)?
67
Let z(v) = 31*v**3 - 5*v**2 - 2*v + 28. Determine z(3).
814
Let a(u) = -u**2 - 411*u - 23614. Calculate a(-69).
-16
Let t(y) = 12989*y - 77929. Calcu